a(z).
2, 3
Let j = 99 + -97. What are the prime factors of 3/j*2136/36?
89
Suppose 4*a = a + 9. Suppose -r - a*y + 183 = 0, 3*r = -5*y - 80 + 645. List the prime factors of r.
3, 5, 13
What are the prime factors of (12555/25)/((-75)/(-250))?
2, 3, 31
Suppose 5*c - 210 = -z + 483, -3*z + 3*c + 2061 = 0. List the prime factors of z.
2, 43
Let n = 6 + -1. Suppose -n*b + 103 = -37. What are the prime factors of (-75)/(-12) + (-7)/b?
2, 3
Suppose 18*s - 34788 = -8*s. What are the prime factors of s?
2, 3, 223
Suppose -604 = -4*n + 272. List the prime factors of n.
3, 73
Let j be (0 + 11)*(25 + -12). Suppose 0 = -2*b + j - 35. What are the prime factors of b?
2, 3
Suppose 9*d = 17871 - 1032. List the prime factors of d.
1871
Let d = 5141 + -19. List the prime factors of d.
2, 13, 197
Let o(y) = y**3 - 5*y**2 - 6*y - 7. Let r be o(6). List the prime factors of 4/2 - 595/r.
3, 29
Let n = -1 - -6. Let g = 41 - 7. Suppose g = -3*x + n*x. List the prime factors of x.
17
Let n be (0 - 1)/((-6)/96). Suppose 0 = n*m - 18*m + 68. What are the prime factors of m?
2, 17
Let s = 18 + -5. Let z = s + 29. What are the prime factors of z?
2, 3, 7
Let d(h) = 6*h**2 + 10*h - 5. What are the prime factors of d(-5)?
5, 19
Let c(f) = -7*f + 31*f + 7 + 22 - f**2 + 13. What are the prime factors of c(13)?
5, 37
Let o = 3870 - 1778. What are the prime factors of o?
2, 523
What are the prime factors of (5 - 8)*-773*(-4)/(-3)?
2, 773
Suppose -a = -4*s + 7*s - 3, a - 2*s = 3. Suppose -221 = -4*t + a*f, -94 = -2*t - 0*f - 4*f. List the prime factors of t.
53
Let i(u) = -10*u - 12. Let s(h) = -2*h + 1. Let a be s(6). Let m be i(a). Suppose 6*p - m = -p. What are the prime factors of p?
2, 7
Suppose 0*x - 35 = -5*x. List the prime factors of (-354)/(-14) + (-2)/x.
5
Suppose 0 = 2*f + 5*z + 11, -4*f + 6 + 8 = -2*z. List the prime factors of f.
2
Let i = 59 - -133. List the prime factors of (5 + -1)/2 + i.
2, 97
Suppose -3939 = -3*k - 5*c, 2*k + k + 4*c = 3936. What are the prime factors of k?
2, 3, 109
Let b = -313 + 662. List the prime factors of b.
349
Suppose -4*i + 27 = -1. Let k = -6 + i. What are the prime factors of (-1 - (k - 1)) + 16?
3, 5
Let b(u) = u**3 + 3*u**2 - 2. Let l be b(-3). Let p be ((-2)/3)/(l/9). What are the prime factors of (36/24)/(p/64)?
2
Suppose 3*o - 1071 = r, 5*r - 933 = -4*o + 495. What are the prime factors of o?
3, 7, 17
Let p(k) = 6*k - 20. Let r(o) = -o**3 - 2*o**2 + 3*o - 8. Let j be r(-4). What are the prime factors of p(j)?
2, 13
Let k = 29 - 24. Suppose 0 = -2*s + 2*u + 14, -3*s - 2*s - k*u + 35 = 0. Suppose -s*a = -8*a + 11. List the prime factors of a.
11
Suppose m + 56 - 12 = 2*k, 5*m + 80 = 3*k. Suppose 4*j + 0*j - k = 0, -3*p - 5*j = -361. List the prime factors of p.
2, 7
Let q be 21/3 - (1 + 0 + -1). List the prime factors of 52/(-130) + q/(-10)*-12.
2
Let t(g) = -g**2 - 8*g - 11. Let m be t(-5). Suppose m*b + 21 = -0*b - 3*p, -3 = 3*b - 2*p. List the prime factors of 3/(-9) + (-7)/b.
2
Let r = -24 - -38. Let g be (-24)/(-84) + (-284)/r. Let i = 38 - g. List the prime factors of i.
2, 29
Suppose -3*r + 4 = -r. List the prime factors of r/16 + (-3670)/(-80).
2, 23
Suppose q - 895 = h - 2*h, 4*q - 3577 = -h. What are the prime factors of q?
2, 3, 149
Let m(k) be the third derivative of -k**4/24 - k**3/3 + 44*k**2. Let x = -10 - -2. List the prime factors of m(x).
2, 3
Suppose -7453 = -9*w - 3079. What are the prime factors of w?
2, 3
Let p(t) = -t**3 + 7*t**2 - 5*t + 1. Let f be p(6). Suppose f*r - 11*r = -404. What are the prime factors of r?
101
Let l(b) = 12*b - 7 - 2 - 6 + 16. What are the prime factors of l(5)?
61
Suppose 6 = -2*y - 4. Let v(q) = 45*q**2 + 2*q. Let d(i) = -22*i**2 - i. Let h(t) = y*d(t) - 2*v(t). List the prime factors of h(-1).
19
Let k(c) = -c + 18. Let i be k(15). Suppose -3*d + 78 = i*d. Let m(j) = 2*j + 24. What are the prime factors of m(d)?
2, 5
Suppose 4*q = 5512 - 2084. What are the prime factors of q?
857
Let u = -558 - -1333. What are the prime factors of u?
5, 31
Let n(i) = -1 - 29*i**3 - 2*i**3 + 3*i**3 - 2*i**2 - 2*i - 26*i**3. List the prime factors of n(-1).
53
Suppose 89 = -5*w + 1254. Suppose v = m - 2*v - w, -3*v + 932 = 4*m. List the prime factors of m.
233
Let j(c) = 1. Let p(s) = -5*s - 3. Let v(m) = -3*j(m) + p(m). List the prime factors of v(-12).
2, 3
Let k(y) = -2*y - 15. Let j be k(-8). Let g be (-26)/(j + -1 + -1). Suppose 0 = 2*d - g - 54. List the prime factors of d.
2, 5
Let b be -115*((-88)/(-55) + -2). Suppose -3*q + 2*q = -k - 40, -4*q + 20 = 0. Let v = k + b. What are the prime factors of v?
11
Suppose 0 = 5*n - 5*c - 15, -n - c - 3 = 4*n. Suppose -5*f + 2*f - 30 = n. List the prime factors of 4/f*(0 - 55).
2, 11
What are the prime factors of (((-30)/4)/(-5))/(129/70090)?
5, 163
What are the prime factors of (-138736)/(-64) + 1/4?
2, 271
Suppose -75*v + 11047 + 55478 = 0. What are the prime factors of v?
887
Let n = 5 - 10. Let d(t) be the second derivative of t**4/6 + 5*t**3/6 - 2*t**2 + 2*t + 48. List the prime factors of d(n).
3, 7
Let h be (-18)/(-9)*2/4. Suppose 6*x = 2*x + 3*f - 14, h = x - 3*f. Let u(w) = w**3 + 5*w**2 - 5*w + 4. List the prime factors of u(x).
29
Let r = -483 - -811. List the prime factors of r.
2, 41
Let s(f) = -432*f - 362. List the prime factors of s(-5).
2, 29, 31
Suppose 0 = -5*k - 5*y + 1155, -5*k + 2*k = -y - 689. What are the prime factors of k?
2, 5, 23
Let r = 10 + -14. Let t be 16/(1*4/r). Let l = t + 31. List the prime factors of l.
3, 5
Let t(f) = 3*f**3 + 7*f**2 - 7*f + 10. Let m(c) = 7*c**3 + 15*c**2 - 15*c + 19. Let p(b) = 2*m(b) - 5*t(b). What are the prime factors of p(-7)?
3, 17
Let j be 2 + (0 + 5)*23/1. Suppose -2*x - j = -5*f, 4*x = -2 - 2. What are the prime factors of f?
23
Suppose -5*w + 3578 = -21*b + 24*b, -3*b = -2*w - 3592. List the prime factors of b.
2, 13, 23
Let r = 29 - -65. Suppose 3*z + 159 = 4*l - l, 0 = 2*l + 2*z - r. List the prime factors of l.
2, 5
Suppose -4*x = 12, -4*l + 7*x = 6*x - 2783. List the prime factors of l.
5, 139
Suppose -5*h + 6064 = -1471. List the prime factors of h.
11, 137
Let o be 66/(-44)*20/3. List the prime factors of (35/o)/(3/(-48)).
2, 7
Suppose 0 = 2*a - 5*t - 2863, 0*t = 4*a - 5*t - 5731. Suppose 5*z - 2298 = 4*f, -4*f + a = -2*z + 3726. What are the prime factors of (f/(-65))/((-4)/(-10))?
2, 11
Let z(k) = k**2 - 15*k + 75. What are the prime factors of z(35)?
5, 31
What are the prime factors of (446/5)/(((-23)/(-20))/23)?
2, 223
Let v = -437 + 795. List the prime factors of v.
2, 179
Suppose 2*w + 8 = 0, -5*u = -5*w - 0*w + 10. Let i be u/(-3)*(-1)/2. Let n(z) = 40*z**2. What are the prime factors of n(i)?
2, 5
Let w(z) = 35*z - 28. Let v be w(4). Let d = v + -45. List the prime factors of d.
67
Let o(c) = 9*c**2 + 6*c - 2. Let s be o(4). Suppose 0 = d + 31 - s. What are the prime factors of d?
3, 5
Let n(f) = 2*f**3 + 6*f**2 + 13*f - 13. List the prime factors of n(8).
1499
Let z be (-794)/(-2) - -4 - (-2)/(-2). Suppose -l = 7*l - z. What are the prime factors of l?
2, 5
Let y(w) = w**3 - 39*w**2 + 71*w + 83. List the prime factors of y(38).
7, 191
Let s(b) = 2*b**2 + 20*b - 19. What are the prime factors of s(-19)?
17, 19
Let b = -9253 - -13851. What are the prime factors of b?
2, 11, 19
Let w(u) = -282*u + 59. List the prime factors of w(-8).
5, 463
Suppose 0 = -v - 1 - 2. Let j = 6 + v. Suppose -12 = -2*w + j*p + 15, -57 = -3*w - p. List the prime factors of w.
2, 3
Suppose 4*x + x = 5*z - 50, -z = 5*x - 40. Suppose 2*t - z = -3*t. Suppose -4*w + 30 + t = -5*q, q = 5*w - 57. What are the prime factors of w?
2, 3
Let i be (4 - -257)/3 - (-2 + 1). Let m = 0 - -3. Suppose -m*f - f = -i. What are the prime factors of f?
2, 11
Let u = 3 + -9. What are the prime factors of 34 - u/(-9)*-6?
2, 19
Let s(h) = 13*h**2 + 2*h + 83 - 12*h**2 - 25. List the prime factors of s(0).
2, 29
Let q(z) be the first derivative of z**4/4 - 14*z**3/3 - 15*z**2/2 - 18*z + 2. Let i be q(15). Let a = 45 + i. List the prime factors of a.
3
Suppose -109 = o - i - 2831, -i = 0. What are the prime factors of o?
2, 1361
Let o = 4488 - -1207. What are the prime factors of o?
5, 17, 67
Let z = 71 + -71. Suppose z = -d - 105 + 252. List the prime factors of d.
3, 7
Suppose -4*h - 8 = 8. Let s be -171*(h/12 - 0). 